{"id":42,"date":"2018-01-15T11:56:57","date_gmt":"2018-01-15T10:56:57","guid":{"rendered":"http:\/\/brothereagles.be\/?page_id=42"},"modified":"2018-04-24T20:25:28","modified_gmt":"2018-04-24T18:25:28","slug":"evenements","status":"publish","type":"page","link":"https:\/\/www.brothereagles.be\/?page_id=42","title":{"rendered":"Presse"},"content":{"rendered":"<p><img loading=\"lazy\" decoding=\"async\" class=\"aligncenter wp-image-122 size-full\" src=\"http:\/\/brothereagles.be\/wp-content\/uploads\/2018\/03\/run_sambreville_20018.jpg\" alt=\"\" width=\"720\" height=\"1018\" srcset=\"https:\/\/www.brothereagles.be\/wp-content\/uploads\/2018\/03\/run_sambreville_20018.jpg 720w, https:\/\/www.brothereagles.be\/wp-content\/uploads\/2018\/03\/run_sambreville_20018-212x300.jpg 212w\" sizes=\"auto, (max-width: 720px) 100vw, 720px\" \/><\/p>\n<p>&nbsp;<\/p>\n<p>&nbsp;<\/p>\n<p>&nbsp;<\/p>\n<p>&nbsp;<\/p>\n<p>&nbsp;<\/p>\n<p>&nbsp;<\/p>\n<p>&nbsp;<\/p>\n<p>&nbsp;<\/p>\n<p>&nbsp;<\/p>\n<p>&nbsp;<\/p>\n<p>&nbsp;<\/p>\n<p><img loading=\"lazy\" decoding=\"async\" class=\"alignnone wp-image-87 size-full\" src=\"http:\/\/brothereagles.be\/wp-content\/uploads\/2018\/01\/26733360_10156079120062020_7596770866206849033_n.jpg\" alt=\"\" width=\"760\" height=\"960\" srcset=\"https:\/\/www.brothereagles.be\/wp-content\/uploads\/2018\/01\/26733360_10156079120062020_7596770866206849033_n.jpg 760w, https:\/\/www.brothereagles.be\/wp-content\/uploads\/2018\/01\/26733360_10156079120062020_7596770866206849033_n-238x300.jpg 238w\" sizes=\"auto, (max-width: 706px) 89vw, (max-width: 767px) 82vw, 740px\" \/><\/p>\n<p>[membre]<\/p>\n<p>Le souper des retrouvailles aura lieu le samedi 24 mars 2018 .<br \/>\nCelui ci comprend : 2 entr\u00e9es ,un plat et un dessert , vin et eaux comprises \u00e0 table<br \/>\nL&rsquo;ap\u00e9ritif ( LEFFE BLONDE OU RUBY ) sera offert par l&rsquo;inquisitor\u00a0<span class=\"_5mfr _47e3\"><img loading=\"lazy\" decoding=\"async\" class=\"img\" role=\"presentation\" src=\"https:\/\/static.xx.fbcdn.net\/images\/emoji.php\/v9\/ffc\/1\/16\/1f44d.png\" alt=\"\" width=\"16\" height=\"16\" \/><span class=\"_7oe\">\ud83d\udc4d<\/span><\/span><span class=\"_5mfr _47e3\"><img loading=\"lazy\" decoding=\"async\" class=\"img\" role=\"presentation\" src=\"https:\/\/static.xx.fbcdn.net\/images\/emoji.php\/v9\/ffc\/1\/16\/1f44d.png\" alt=\"\" width=\"16\" height=\"16\" \/><span class=\"_7oe\">\ud83d\udc4d<\/span><\/span><span class=\"_5mfr _47e3\"><img loading=\"lazy\" decoding=\"async\" class=\"img\" role=\"presentation\" src=\"https:\/\/static.xx.fbcdn.net\/images\/emoji.php\/v9\/ffc\/1\/16\/1f44d.png\" alt=\"\" width=\"16\" height=\"16\" \/><span class=\"_7oe\">\ud83d\udc4d<\/span><\/span>( autres boissons payantes) le prix est de 50\u20ac<br \/>\nPour les fulls 25\u20ac , le club intervient pour 25\u20ac\u00a0<span class=\"_5mfr _47e3\"><img loading=\"lazy\" decoding=\"async\" class=\"img\" role=\"presentation\" src=\"https:\/\/static.xx.fbcdn.net\/images\/emoji.php\/v9\/fce\/1\/16\/1f600.png\" alt=\"\" width=\"16\" height=\"16\" \/><span class=\"_7oe\">\ud83d\ude00<\/span><\/span><span class=\"_5mfr _47e3\"><img loading=\"lazy\" decoding=\"async\" class=\"img\" role=\"presentation\" src=\"https:\/\/static.xx.fbcdn.net\/images\/emoji.php\/v9\/fce\/1\/16\/1f600.png\" alt=\"\" width=\"16\" height=\"16\" \/><span class=\"_7oe\">\ud83d\ude00<\/span><\/span><span class=\"_5mfr _47e3\"><img loading=\"lazy\" decoding=\"async\" class=\"img\" role=\"presentation\" src=\"https:\/\/static.xx.fbcdn.net\/images\/emoji.php\/v9\/fce\/1\/16\/1f600.png\" alt=\"\" width=\"16\" height=\"16\" \/><span class=\"_7oe\">\ud83d\ude00<\/span><\/span><br \/>\nLe menu avec plusieurs choix vous sera communiqu\u00e9 tr\u00e8s prochainement .<span class=\"text_exposed_show\"><br \/>\nVATEL.<\/span><\/p>\n<p>[\/membre]<\/p>\n","protected":false},"excerpt":{"rendered":"<p>&nbsp; &nbsp; &nbsp; &nbsp; &nbsp; &nbsp; &nbsp; &nbsp; &nbsp; &nbsp; &nbsp; [membre] Le souper des retrouvailles aura lieu le samedi 24 mars 2018 . Celui ci comprend : 2 entr\u00e9es ,un plat et un dessert , vin et eaux comprises \u00e0 table L&rsquo;ap\u00e9ritif ( LEFFE BLONDE OU RUBY ) sera offert par l&rsquo;inquisitor\u00a0\ud83d\udc4d\ud83d\udc4d\ud83d\udc4d( autres boissons &hellip; <\/p>\n<p class=\"link-more\"><a href=\"https:\/\/www.brothereagles.be\/?page_id=42\" class=\"more-link\">Continuer la lecture<span class=\"screen-reader-text\"> de &laquo;&nbsp;Presse&nbsp;&raquo;<\/span><\/a><\/p>\n","protected":false},"author":1,"featured_media":0,"parent":0,"menu_order":0,"comment_status":"closed","ping_status":"closed","template":"","meta":{"jetpack_post_was_ever_published":false,"footnotes":""},"class_list":["post-42","page","type-page","status-publish","hentry"],"yoast_head":"<!-- This site is optimized with the Yoast SEO plugin v24.3 - https:\/\/yoast.com\/wordpress\/plugins\/seo\/ -->\n<title>Presse - Brother Eagles Dinant<\/title>\n<meta name=\"robots\" content=\"index, follow, max-snippet:-1, max-image-preview:large, max-video-preview:-1\" \/>\n<link rel=\"canonical\" href=\"https:\/\/www.brothereagles.be\/?page_id=42\" \/>\n<meta property=\"og:locale\" content=\"fr_FR\" \/>\n<meta property=\"og:type\" content=\"article\" \/>\n<meta property=\"og:title\" content=\"Presse - Brother Eagles Dinant\" \/>\n<meta property=\"og:description\" content=\"&nbsp; &nbsp; &nbsp; &nbsp; &nbsp; &nbsp; &nbsp; &nbsp; &nbsp; &nbsp; &nbsp; [membre] Le souper des retrouvailles aura lieu le samedi 24 mars 2018 . Celui ci comprend : 2 entr\u00e9es ,un plat et un dessert , vin et eaux comprises \u00e0 table L&rsquo;ap\u00e9ritif ( LEFFE BLONDE OU RUBY ) sera offert par l&rsquo;inquisitor\u00a0\ud83d\udc4d\ud83d\udc4d\ud83d\udc4d( autres boissons &hellip; Continuer la lecture de &laquo;&nbsp;Presse&nbsp;&raquo;\" \/>\n<meta property=\"og:url\" content=\"https:\/\/www.brothereagles.be\/?page_id=42\" \/>\n<meta property=\"og:site_name\" content=\"Brother Eagles Dinant\" \/>\n<meta property=\"article:publisher\" content=\"https:\/\/www.facebook.com\/groups\/44068825212\/\" \/>\n<meta property=\"article:modified_time\" content=\"2018-04-24T18:25:28+00:00\" \/>\n<meta property=\"og:image\" content=\"http:\/\/brothereagles.be\/wp-content\/uploads\/2018\/03\/run_sambreville_20018.jpg\" \/>\n<meta name=\"twitter:card\" content=\"summary_large_image\" \/>\n<script type=\"application\/ld+json\" class=\"yoast-schema-graph\">{\"@context\":\"https:\/\/schema.org\",\"@graph\":[{\"@type\":\"WebPage\",\"@id\":\"https:\/\/www.brothereagles.be\/?page_id=42\",\"url\":\"https:\/\/www.brothereagles.be\/?page_id=42\",\"name\":\"Presse - Brother Eagles Dinant\",\"isPartOf\":{\"@id\":\"https:\/\/www.brothereagles.be\/#website\"},\"primaryImageOfPage\":{\"@id\":\"https:\/\/www.brothereagles.be\/?page_id=42#primaryimage\"},\"image\":{\"@id\":\"https:\/\/www.brothereagles.be\/?page_id=42#primaryimage\"},\"thumbnailUrl\":\"http:\/\/brothereagles.be\/wp-content\/uploads\/2018\/03\/run_sambreville_20018.jpg\",\"datePublished\":\"2018-01-15T10:56:57+00:00\",\"dateModified\":\"2018-04-24T18:25:28+00:00\",\"breadcrumb\":{\"@id\":\"https:\/\/www.brothereagles.be\/?page_id=42#breadcrumb\"},\"inLanguage\":\"fr-FR\",\"potentialAction\":[{\"@type\":\"ReadAction\",\"target\":[\"https:\/\/www.brothereagles.be\/?page_id=42\"]}]},{\"@type\":\"ImageObject\",\"inLanguage\":\"fr-FR\",\"@id\":\"https:\/\/www.brothereagles.be\/?page_id=42#primaryimage\",\"url\":\"http:\/\/brothereagles.be\/wp-content\/uploads\/2018\/03\/run_sambreville_20018.jpg\",\"contentUrl\":\"http:\/\/brothereagles.be\/wp-content\/uploads\/2018\/03\/run_sambreville_20018.jpg\"},{\"@type\":\"BreadcrumbList\",\"@id\":\"https:\/\/www.brothereagles.be\/?page_id=42#breadcrumb\",\"itemListElement\":[{\"@type\":\"ListItem\",\"position\":1,\"name\":\"Accueil\",\"item\":\"https:\/\/www.brothereagles.be\/\"},{\"@type\":\"ListItem\",\"position\":2,\"name\":\"Presse\"}]},{\"@type\":\"WebSite\",\"@id\":\"https:\/\/www.brothereagles.be\/#website\",\"url\":\"https:\/\/www.brothereagles.be\/\",\"name\":\"Brother Eagles Dinant\",\"description\":\"Sois Digne\",\"publisher\":{\"@id\":\"https:\/\/www.brothereagles.be\/#organization\"},\"potentialAction\":[{\"@type\":\"SearchAction\",\"target\":{\"@type\":\"EntryPoint\",\"urlTemplate\":\"https:\/\/www.brothereagles.be\/?s={search_term_string}\"},\"query-input\":{\"@type\":\"PropertyValueSpecification\",\"valueRequired\":true,\"valueName\":\"search_term_string\"}}],\"inLanguage\":\"fr-FR\"},{\"@type\":\"Organization\",\"@id\":\"https:\/\/www.brothereagles.be\/#organization\",\"name\":\"Brother Eagles Dinant\",\"url\":\"https:\/\/www.brothereagles.be\/\",\"logo\":{\"@type\":\"ImageObject\",\"inLanguage\":\"fr-FR\",\"@id\":\"https:\/\/www.brothereagles.be\/#\/schema\/logo\/image\/\",\"url\":\"http:\/\/www.brothereagles.be\/wp-content\/uploads\/2018\/01\/sigle-brother-1024x965.jpg\",\"contentUrl\":\"http:\/\/www.brothereagles.be\/wp-content\/uploads\/2018\/01\/sigle-brother-1024x965.jpg\",\"width\":1024,\"height\":965,\"caption\":\"Brother Eagles Dinant\"},\"image\":{\"@id\":\"https:\/\/www.brothereagles.be\/#\/schema\/logo\/image\/\"},\"sameAs\":[\"https:\/\/www.facebook.com\/groups\/44068825212\/\"]}]}<\/script>\n<!-- \/ Yoast SEO plugin. -->","yoast_head_json":{"title":"Presse - Brother Eagles Dinant","robots":{"index":"index","follow":"follow","max-snippet":"max-snippet:-1","max-image-preview":"max-image-preview:large","max-video-preview":"max-video-preview:-1"},"canonical":"https:\/\/www.brothereagles.be\/?page_id=42","og_locale":"fr_FR","og_type":"article","og_title":"Presse - Brother Eagles Dinant","og_description":"&nbsp; &nbsp; &nbsp; &nbsp; &nbsp; &nbsp; &nbsp; &nbsp; &nbsp; &nbsp; &nbsp; [membre] Le souper des retrouvailles aura lieu le samedi 24 mars 2018 . Celui ci comprend : 2 entr\u00e9es ,un plat et un dessert , vin et eaux comprises \u00e0 table L&rsquo;ap\u00e9ritif ( LEFFE BLONDE OU RUBY ) sera offert par l&rsquo;inquisitor\u00a0\ud83d\udc4d\ud83d\udc4d\ud83d\udc4d( autres boissons &hellip; Continuer la lecture de &laquo;&nbsp;Presse&nbsp;&raquo;","og_url":"https:\/\/www.brothereagles.be\/?page_id=42","og_site_name":"Brother Eagles Dinant","article_publisher":"https:\/\/www.facebook.com\/groups\/44068825212\/","article_modified_time":"2018-04-24T18:25:28+00:00","og_image":[{"url":"http:\/\/brothereagles.be\/wp-content\/uploads\/2018\/03\/run_sambreville_20018.jpg","type":"","width":"","height":""}],"twitter_card":"summary_large_image","schema":{"@context":"https:\/\/schema.org","@graph":[{"@type":"WebPage","@id":"https:\/\/www.brothereagles.be\/?page_id=42","url":"https:\/\/www.brothereagles.be\/?page_id=42","name":"Presse - Brother Eagles Dinant","isPartOf":{"@id":"https:\/\/www.brothereagles.be\/#website"},"primaryImageOfPage":{"@id":"https:\/\/www.brothereagles.be\/?page_id=42#primaryimage"},"image":{"@id":"https:\/\/www.brothereagles.be\/?page_id=42#primaryimage"},"thumbnailUrl":"http:\/\/brothereagles.be\/wp-content\/uploads\/2018\/03\/run_sambreville_20018.jpg","datePublished":"2018-01-15T10:56:57+00:00","dateModified":"2018-04-24T18:25:28+00:00","breadcrumb":{"@id":"https:\/\/www.brothereagles.be\/?page_id=42#breadcrumb"},"inLanguage":"fr-FR","potentialAction":[{"@type":"ReadAction","target":["https:\/\/www.brothereagles.be\/?page_id=42"]}]},{"@type":"ImageObject","inLanguage":"fr-FR","@id":"https:\/\/www.brothereagles.be\/?page_id=42#primaryimage","url":"http:\/\/brothereagles.be\/wp-content\/uploads\/2018\/03\/run_sambreville_20018.jpg","contentUrl":"http:\/\/brothereagles.be\/wp-content\/uploads\/2018\/03\/run_sambreville_20018.jpg"},{"@type":"BreadcrumbList","@id":"https:\/\/www.brothereagles.be\/?page_id=42#breadcrumb","itemListElement":[{"@type":"ListItem","position":1,"name":"Accueil","item":"https:\/\/www.brothereagles.be\/"},{"@type":"ListItem","position":2,"name":"Presse"}]},{"@type":"WebSite","@id":"https:\/\/www.brothereagles.be\/#website","url":"https:\/\/www.brothereagles.be\/","name":"Brother Eagles Dinant","description":"Sois Digne","publisher":{"@id":"https:\/\/www.brothereagles.be\/#organization"},"potentialAction":[{"@type":"SearchAction","target":{"@type":"EntryPoint","urlTemplate":"https:\/\/www.brothereagles.be\/?s={search_term_string}"},"query-input":{"@type":"PropertyValueSpecification","valueRequired":true,"valueName":"search_term_string"}}],"inLanguage":"fr-FR"},{"@type":"Organization","@id":"https:\/\/www.brothereagles.be\/#organization","name":"Brother Eagles Dinant","url":"https:\/\/www.brothereagles.be\/","logo":{"@type":"ImageObject","inLanguage":"fr-FR","@id":"https:\/\/www.brothereagles.be\/#\/schema\/logo\/image\/","url":"http:\/\/www.brothereagles.be\/wp-content\/uploads\/2018\/01\/sigle-brother-1024x965.jpg","contentUrl":"http:\/\/www.brothereagles.be\/wp-content\/uploads\/2018\/01\/sigle-brother-1024x965.jpg","width":1024,"height":965,"caption":"Brother Eagles Dinant"},"image":{"@id":"https:\/\/www.brothereagles.be\/#\/schema\/logo\/image\/"},"sameAs":["https:\/\/www.facebook.com\/groups\/44068825212\/"]}]}},"jetpack_sharing_enabled":true,"jetpack_shortlink":"https:\/\/wp.me\/P9BA5w-G","_links":{"self":[{"href":"https:\/\/www.brothereagles.be\/index.php?rest_route=\/wp\/v2\/pages\/42","targetHints":{"allow":["GET"]}}],"collection":[{"href":"https:\/\/www.brothereagles.be\/index.php?rest_route=\/wp\/v2\/pages"}],"about":[{"href":"https:\/\/www.brothereagles.be\/index.php?rest_route=\/wp\/v2\/types\/page"}],"author":[{"embeddable":true,"href":"https:\/\/www.brothereagles.be\/index.php?rest_route=\/wp\/v2\/users\/1"}],"replies":[{"embeddable":true,"href":"https:\/\/www.brothereagles.be\/index.php?rest_route=%2Fwp%2Fv2%2Fcomments&post=42"}],"version-history":[{"count":14,"href":"https:\/\/www.brothereagles.be\/index.php?rest_route=\/wp\/v2\/pages\/42\/revisions"}],"predecessor-version":[{"id":141,"href":"https:\/\/www.brothereagles.be\/index.php?rest_route=\/wp\/v2\/pages\/42\/revisions\/141"}],"wp:attachment":[{"href":"https:\/\/www.brothereagles.be\/index.php?rest_route=%2Fwp%2Fv2%2Fmedia&parent=42"}],"curies":[{"name":"wp","href":"https:\/\/api.w.org\/{rel}","templated":true}]}}